
47, 6499681
What are the prime factors of 3269459964?
2, 3, 1907, 142871
What are the prime factors of 1746666667?
23, 75942029
What are the prime factors of 5853856515?
3, 5, 13, 1627, 18451
What are the prime factors of 24970183?
7, 881, 4049
What are the prime factors of 184402402?
2, 167, 552103
List the prime factors of 113903181.
3, 7, 1807987
What are the prime factors of 44824842?
2, 3, 2490269
List the prime factors of 23497254.
2, 3, 11, 118673
What are the prime factors of 2769975890?
2, 5, 11, 29, 868331
What are the prime factors of 899774309?
7, 18362741
List the prime factors of 155646745.
5, 197, 158017
List the prime factors of 1112618617.
11, 569, 177763
What are the prime factors of 26427171?
3, 8809057
What are the prime factors of 1428387661?
1428387661
What are the prime factors of 178953151?
13, 41, 335747
List the prime factors of 801621286.
2, 19, 163, 129419
What are the prime factors of 3846146577?
3, 7, 13, 14088449
What are the prime factors of 1745875829?
1103, 1163, 1361
What are the prime factors of 36244955?
5, 7248991
What are the prime factors of 432370381?
432370381
List the prime factors of 1667780893.
727, 2294059
List the prime factors of 1733933112.
2, 3, 269, 491, 547
List the prime factors of 1474901129.
13, 2731, 41543
What are the prime factors of 4417746640?
2, 5, 181, 305093
List the prime factors of 50747886.
2, 3, 7, 402761
List the prime factors of 220060472.
2, 27507559
List the prime factors of 585572206.
2, 31, 9444713
List the prime factors of 49482509.
49482509
List the prime factors of 12454599.
3, 4151533
What are the prime factors of 40007797?
383, 104459
What are the prime factors of 481871453?
7, 29, 2373751
List the prime factors of 981906731.
13, 23, 157, 1609
List the prime factors of 311038198.
2, 47, 3308917
List the prime factors of 16141085.
5, 41, 78737
What are the prime factors of 9091128?
2, 3, 73, 5189
What are the prime factors of 6209235456?
2, 3, 4042471
What are the prime factors of 1380646441?
1380646441
What are the prime factors of 1327147261?
11, 120649751
What are the prime factors of 5334196764?
2, 3, 13, 34193569
What are the prime factors of 132546882?
2, 3, 13, 1699319
List the prime factors of 115744747.
5297, 21851
What are the prime factors of 778131479?
778131479
What are the prime factors of 32893721?
7, 4699103
List the prime factors of 846571355.
5, 7, 17, 1097, 1297
List the prime factors of 1267587397.
1267587397
List the prime factors of 1292775230.
2, 5, 3733, 34631
List the prime factors of 1147334996.
2, 137, 709, 2953
List the prime factors of 150574398.
2, 3, 13, 251, 7691
What are the prime factors of 841077366?
2, 3, 503, 278687
What are the prime factors of 951190520?
2, 5, 7, 461, 7369
What are the prime factors of 1071995223?
3, 13, 47, 44987
What are the prime factors of 7466086283?
31, 240841493
What are the prime factors of 531015509?
151, 3516659
List the prime factors of 2303498923.
11, 209408993
List the prime factors of 38327406.
2, 3, 13, 491377
List the prime factors of 323690488.
2, 11, 127, 2633
What are the prime factors of 60674806?
2, 43, 705521
What are the prime factors of 172547829?
3, 31, 131, 4721
List the prime factors of 366423550.
2, 5, 19, 385709
What are the prime factors of 323831879?
7, 1409, 32833
List the prime factors of 213392489.
213392489
What are the prime factors of 92318590?
2, 5, 7, 13, 101449
What are the prime factors of 1081327997?
37, 1847, 15823
What are the prime factors of 3351137?
53, 1193
What are the prime factors of 2400948370?
2, 5, 240094837
What are the prime factors of 78929702?
2, 1019, 38729
List the prime factors of 3280546577.
7, 11, 37, 1151473
What are the prime factors of 5907350349?
3, 17, 61, 461, 1373
List the prime factors of 102203350.
2, 5, 2044067
List the prime factors of 325152168.
2, 3, 11, 19, 71, 83
List the prime factors of 583177032.
2, 3, 19, 109, 3911
What are the prime factors of 1838564917?
7, 577, 65029
List the prime factors of 28589852.
2, 17, 420439
List the prime factors of 139439786.
2, 69719893
What are the prime factors of 648287005?
5, 1913, 67777
What are the prime factors of 779293688?
2, 73, 1334407
What are the prime factors of 2229156098?
2, 13, 85736773
List the prime factors of 3776455228.
2, 7, 13, 10374877
What are the prime factors of 11299958?
2, 431, 13109
What are the prime factors of 85025917?
23, 3696779
List the prime factors of 1890573721.
19211, 98411
List the prime factors of 8353190.
2, 5, 835319
List the prime factors of 455148007.
59, 467, 16519
What are the prime factors of 2175750401?
11, 19, 1361, 7649
What are the prime factors of 44229413?
43, 107, 9613
List the prime factors of 535401993.
3, 7, 25495333
What are the prime factors of 11349354?
2, 3, 137, 13807
List the prime factors of 82714302.
2, 3, 11, 23, 41, 443
List the prime factors of 701603021.
7, 14318429
List the prime factors of 1592196876.
2, 3, 37, 383, 3121
What are the prime factors of 62193169?
62193169
What are the prime factors of 7272943?
7272943
List the prime factors of 3532351263.
3, 7, 5237, 32119
List the prime factors of 220660986.
2, 3, 7, 13, 17, 23773
What are the prime factors of 1040229480?
2, 3, 5, 19, 456241
List the prime factors of 55741112.
2, 7, 995377
What are the prime factors of 86138291?
86138291
List the prime factors of 399645272.
2, 13, 557, 6899
List the prime factors of 12936031.
17, 149, 5107
What are the prime factors of 188396365?
5, 61, 617693
List the prime factors of 976539466.
2, 7, 17, 19, 215953
What are the prime factors of 881210868?
2, 3, 23, 41, 43, 1811
What are the prime factors of 2098288875?
3, 5, 509, 10993
What are the prime factors of 1564853973?
3, 12983, 40177
What are the prime factors of 762369481?
15349, 49669
What are the prime factors of 815288092?
2, 203822023
What are the prime factors of 77678483?
2687, 28909
What are the prime factors of 928108624?
2, 47, 1234187
List the prime factors of 763438134.
2, 3, 193, 563, 1171
List the prime factors of 4288556425.
5, 17, 23, 191, 2297
What are the prime factors of 7655336573?
13033, 587381
List the prime factors of 45731790.
2, 3, 5, 13, 43, 101
What are the prime factors of 3589950052?
2, 13, 47, 103, 1097
What are the prime factors of 97016993?
4159, 23327
List the prime factors of 1372306289.
1372306289
What are the prime factors of 585788969?
585788969
What are the prime factors of 239330535?
3, 5, 15955369
List the prime factors of 49253659.
7, 13, 541249
What are the prime factors of 65722092?
2, 3, 1801, 3041
List the prime factors of 21838481.
7, 3119783
List the prime factors of 95400650.
2, 5, 1908013
List the prime factors of 4159852731.
3, 131, 3528289
What are the prime factors of 300098712?
2, 3, 37, 337949
What are the prime factors of 79410620?
2, 5, 3970531
List the prime factors of 2341894695.
3, 5, 7, 739, 30181
List the prime factors of 2055101.
2055101
List the prime factors of 6183090740.
2, 5, 17, 31, 586631
What are the prime factors of 314053886?
2, 17, 9236879
List the prime factors of 2363245437.
3, 7, 71, 1585007
What are the prime factors of 1450178694?
2, 3, 311, 86351
What are the prime factors of 242732011?
19, 12775369
What are the prime factors of 1276467512?
2, 159558439
List the prime factors of 338430854.
2, 169215427
What are the prime factors of 2323659740?
2, 5, 137, 848051
List the prime factors of 300382188.
2, 3, 31, 807479
What are the prime factors of 2132421848?
2, 266552731
List the prime factors of 20355250.
2, 5, 81421
What are the prime factors of 9243356?
2, 229, 10091
What are the prime factors of 602604334?
2, 3187, 94541
What are the prime factors of 150425612?
2, 23, 1635061
List the prime factors of 2753488141.
89, 1193, 25933
What are the prime factors of 491395748?
2, 61, 571, 3527
What are the prime factors of 892992339?
3, 47, 2111093
List the prime factors of 1268071.
7, 3697
What are the prime factors of 53708882?
2, 17, 1579673
What are the prime factors of 49488836?
2, 17, 727777
List the prime factors of 381680733.
3, 7, 2129, 8537
List the prime factors of 68414669.
1933, 35393
What are the prime factors of 15249111?
3, 523, 9719
List the prime factors of 250051489.
250051489
What are the pri